{"id":237,"date":"2023-11-08T13:48:08","date_gmt":"2023-11-08T12:48:08","guid":{"rendered":"https:\/\/medycynafunkcjonalna.pl\/?page_id=237"},"modified":"2023-11-22T18:23:01","modified_gmt":"2023-11-22T17:23:01","slug":"cukrzyca-i-stany-przedcukrzycowe","status":"publish","type":"page","link":"https:\/\/medycynafunkcjonalna.pl\/?page_id=237","title":{"rendered":"Cukrzyca i stany przedcukrzycowe"},"content":{"rendered":"\n<p class=\"has-small-font-size\">&nbsp;<\/p>\n\n\n\n<p style=\"font-size:24px\"><a href=\"https:\/\/www.udemy.com\/course\/cukrzyca-i-stany-przedcukrzycowe\/?referralCode=A6856FB8BF3C3B68113A\" target=\"_blank\" rel=\"noopener\" title=\"Kurs Cukrzyca\">Przejd\u017a do kursu<\/a><\/p>\n\n\n\n<p class=\"has-small-font-size\">&nbsp;<\/p>\n\n\n\n<p class=\"has-medium-font-size\">Opis:<\/p>\n\n\n\n<p class=\"has-medium-font-size\">Cukrzyca i insulinooporno\u015b\u0107 s\u0105 na ca\u0142ym \u015bwiecie coraz cz\u0119\u015bciej diagnozowane. Nale\u017c\u0105 do grupy chor\u00f3b cywilizacyjnych. Oznacza to, \u017ce pewne konkretne zmiany, kt\u00f3re rozw\u00f3j cywilizacji postindustrialnej wprowadzi\u0142 w \u017cycie niemal wszystkich z nas prowadz\u0105 do rozwoju zaburze\u0144 metabolicznych. Zaburzenia te prowadz\u0105 poprzez rozw\u00f3j powik\u0142a\u0144 do pogorszenia jako\u015bci \u017cycia i skr\u00f3cenia jego d\u0142ugo\u015bci. W wi\u0119kszo\u015bci przypadk\u00f3w omawianych w tym kursie zaburze\u0144 przebiegaj\u0105 one wraz ze wzrostem nadmiernej masy cia\u0142a. Zatem wprowadzenie w \u017cycie przedstawianych przeze mnie zalece\u0144, opr\u00f3cz poprawy samopoczucia i znacznego zmniejszenia ryzyka rozwoju powik\u0142a\u0144 cukrzycy, najcz\u0119\u015bciej prowadzi te\u017c do utraty wagi.<\/p>\n\n\n\n<p class=\"has-medium-font-size\">Kurs stanowi pe\u0142ne kompendium wiedzy jak\u0105 powinna posiada\u0107 osoba, u kt\u00f3rej zdiagnozowano cukrzyc\u0119 lub stan przedcukrzycowy. Na wiedz\u0119 t\u0119 sk\u0142ada si\u0119 om\u00f3wienie zalece\u0144 \u017cywieniowych, suplementacyjnych, innych element\u00f3w stylu \u017cycia i prawid\u0142owej diagnostyki. Zawiera te\u017c kompletne plany dietetyczne w wariantach 1600 i 1800 kcal w wersjach 3-tygodniowych oraz 2-tygodniowych semi-wegetaria\u0144skich, a tak\u017ce 2-tygodniowy plan ketogeniczny.<\/p>\n\n\n\n<p style=\"font-size:23px\"><a href=\"https:\/\/www.udemy.com\/course\/cukrzyca-i-stany-przedcukrzycowe\/?referralCode=A6856FB8BF3C3B68113A\" target=\"_blank\" rel=\"noopener\" title=\"Kurs Cukrzyca\">Przejd\u017a do kursu<\/a><\/p>\n","protected":false},"excerpt":{"rendered":"<p>&nbsp; Przejd\u017a do kursu &nbsp; Opis: Cukrzyca i insulinooporno\u015b\u0107 s\u0105 na ca\u0142ym \u015bwiecie coraz cz\u0119\u015bciej diagnozowane. Nale\u017c\u0105 do grupy chor\u00f3b cywilizacyjnych. Oznacza to, \u017ce pewne konkretne zmiany, kt\u00f3re rozw\u00f3j cywilizacji postindustrialnej wprowadzi\u0142 w \u017cycie niemal wszystkich z nas prowadz\u0105 do rozwoju zaburze\u0144 metabolicznych. Zaburzenia te prowadz\u0105 poprzez rozw\u00f3j powik\u0142a\u0144 do pogorszenia jako\u015bci \u017cycia i skr\u00f3cenia [&hellip;]<\/p>\n","protected":false},"author":1,"featured_media":0,"parent":0,"menu_order":0,"comment_status":"closed","ping_status":"closed","template":"","meta":{"_monsterinsights_skip_tracking":false,"_monsterinsights_sitenote_active":false,"_monsterinsights_sitenote_note":"","_monsterinsights_sitenote_category":0,"footnotes":""},"class_list":["post-237","page","type-page","status-publish","hentry"],"aioseo_notices":[],"_links":{"self":[{"href":"https:\/\/medycynafunkcjonalna.pl\/index.php?rest_route=\/wp\/v2\/pages\/237","targetHints":{"allow":["GET"]}}],"collection":[{"href":"https:\/\/medycynafunkcjonalna.pl\/index.php?rest_route=\/wp\/v2\/pages"}],"about":[{"href":"https:\/\/medycynafunkcjonalna.pl\/index.php?rest_route=\/wp\/v2\/types\/page"}],"author":[{"embeddable":true,"href":"https:\/\/medycynafunkcjonalna.pl\/index.php?rest_route=\/wp\/v2\/users\/1"}],"replies":[{"embeddable":true,"href":"https:\/\/medycynafunkcjonalna.pl\/index.php?rest_route=%2Fwp%2Fv2%2Fcomments&post=237"}],"version-history":[{"count":17,"href":"https:\/\/medycynafunkcjonalna.pl\/index.php?rest_route=\/wp\/v2\/pages\/237\/revisions"}],"predecessor-version":[{"id":408,"href":"https:\/\/medycynafunkcjonalna.pl\/index.php?rest_route=\/wp\/v2\/pages\/237\/revisions\/408"}],"wp:attachment":[{"href":"https:\/\/medycynafunkcjonalna.pl\/index.php?rest_route=%2Fwp%2Fv2%2Fmedia&parent=237"}],"curies":[{"name":"wp","href":"https:\/\/api.w.org\/{rel}","templated":true}]}}